{"id":2209,"date":"2022-07-28T21:33:47","date_gmt":"2022-07-29T00:33:47","guid":{"rendered":"https:\/\/kmembalagens.com.br\/?post_type=product&#038;p=2209"},"modified":"2023-11-17T19:55:01","modified_gmt":"2023-11-17T22:55:01","slug":"pre-mistura-para-preparo-de-cupcake-chocolate-1-kg-arcolor","status":"publish","type":"product","link":"https:\/\/kmembalagens.com.br\/index.php\/produto\/pre-mistura-para-preparo-de-cupcake-chocolate-1-kg-arcolor\/","title":{"rendered":"Pr\u00e9-mistura para preparo de cupcake chocolate 1 kg &#8211; Arcolor"},"content":{"rendered":"","protected":false},"excerpt":{"rendered":"<p>Pr\u00e9-Mistura para preparo de deliciosos e cremosos cupcakes  de chocolate &#8211; 1 kg<\/p>\n<p>Ingredientes:<br \/>\nFarinha de trigo enriquecida com ferro e \u00e1cido f\u00f3lico, a\u00e7\u00facar refinado, soro de leite, cacau em p\u00f3,<br \/>\namido de milho, fermento qu\u00edmico (bicarbonato de s\u00f3dio, fosfato de s\u00f3dio e alum\u00ednio), sal refinado<br \/>\ne estabilizante monoestearato de sorbitan.<\/p>\n<p>CONT\u00c9M GL\u00daTEN.<br \/>\nAl\u00e9rgicos: Cont\u00e9m derivados de trigo e de leite<\/p>\n<p>Embalagem:  Saco de 1 kg<\/p>\n<p>VALIDADE 01\/2023<\/p>\n<p>Imagens Ilustrativas.<\/p>\n","protected":false},"featured_media":2210,"comment_status":"open","ping_status":"closed","template":"","meta":{"site-sidebar-layout":"default","site-content-layout":"default","ast-site-content-layout":"","site-content-style":"default","site-sidebar-style":"default","ast-global-header-display":"","ast-banner-title-visibility":"","ast-main-header-display":"","ast-hfb-above-header-display":"","ast-hfb-below-header-display":"","ast-hfb-mobile-header-display":"","site-post-title":"","ast-breadcrumbs-content":"","ast-featured-img":"","footer-sml-layout":"","theme-transparent-header-meta":"default","adv-header-id-meta":"","stick-header-meta":"","header-above-stick-meta":"","header-main-stick-meta":"","header-below-stick-meta":"","astra-migrate-meta-layouts":"default","ast-page-background-enabled":"default","ast-page-background-meta":{"desktop":{"background-color":"var(--ast-global-color-4)","background-image":"","background-repeat":"repeat","background-position":"center center","background-size":"auto","background-attachment":"scroll","background-type":"","background-media":"","overlay-type":"","overlay-color":"","overlay-opacity":"","overlay-gradient":""},"tablet":{"background-color":"","background-image":"","background-repeat":"repeat","background-position":"center center","background-size":"auto","background-attachment":"scroll","background-type":"","background-media":"","overlay-type":"","overlay-color":"","overlay-opacity":"","overlay-gradient":""},"mobile":{"background-color":"","background-image":"","background-repeat":"repeat","background-position":"center center","background-size":"auto","background-attachment":"scroll","background-type":"","background-media":"","overlay-type":"","overlay-color":"","overlay-opacity":"","overlay-gradient":""}},"ast-content-background-meta":{"desktop":{"background-color":"var(--ast-global-color-5)","background-image":"","background-repeat":"repeat","background-position":"center center","background-size":"auto","background-attachment":"scroll","background-type":"","background-media":"","overlay-type":"","overlay-color":"","overlay-opacity":"","overlay-gradient":""},"tablet":{"background-color":"var(--ast-global-color-5)","background-image":"","background-repeat":"repeat","background-position":"center center","background-size":"auto","background-attachment":"scroll","background-type":"","background-media":"","overlay-type":"","overlay-color":"","overlay-opacity":"","overlay-gradient":""},"mobile":{"background-color":"var(--ast-global-color-5)","background-image":"","background-repeat":"repeat","background-position":"center center","background-size":"auto","background-attachment":"scroll","background-type":"","background-media":"","overlay-type":"","overlay-color":"","overlay-opacity":"","overlay-gradient":""}}},"product_brand":[],"product_cat":[26],"product_tag":[467,475,476,470,85],"class_list":{"0":"post-2209","1":"product","2":"type-product","3":"status-publish","4":"has-post-thumbnail","6":"product_cat-confeitaria","7":"product_tag-cupcake","8":"product_tag-cupcakechocolate","9":"product_tag-premisturachocolate","10":"product_tag-premisturacupcake","11":"product_tag-kmembalagens","12":"desktop-align-left","13":"tablet-align-left","14":"mobile-align-left","16":"first","17":"outofstock","18":"taxable","19":"shipping-taxable","20":"purchasable","21":"product-type-simple"},"yoast_head":"<!-- This site is optimized with the Yoast SEO plugin v27.2 - https:\/\/yoast.com\/product\/yoast-seo-wordpress\/ -->\n<title>Pr\u00e9-mistura para preparo de cupcake chocolate 1 kg - Arcolor - KM Embalagens<\/title>\n<meta name=\"robots\" content=\"index, follow, max-snippet:-1, max-image-preview:large, max-video-preview:-1\" \/>\n<link rel=\"canonical\" href=\"https:\/\/kmembalagens.com.br\/index.php\/produto\/pre-mistura-para-preparo-de-cupcake-chocolate-1-kg-arcolor\/\" \/>\n<meta property=\"og:locale\" content=\"pt_BR\" \/>\n<meta property=\"og:type\" content=\"article\" \/>\n<meta property=\"og:title\" content=\"Pr\u00e9-mistura para preparo de cupcake chocolate 1 kg - Arcolor - KM Embalagens\" \/>\n<meta property=\"og:description\" content=\"Pr\u00e9-Mistura para preparo de deliciosos e cremosos cupcakes de chocolate - 1 kg  Ingredientes: Farinha de trigo enriquecida com ferro e \u00e1cido f\u00f3lico, a\u00e7\u00facar refinado, soro de leite, cacau em p\u00f3,  amido de milho, fermento qu\u00edmico (bicarbonato de s\u00f3dio, fosfato de s\u00f3dio e alum\u00ednio), sal refinado  e estabilizante monoestearato de sorbitan.  CONT\u00c9M GL\u00daTEN.  Al\u00e9rgicos: Cont\u00e9m derivados de trigo e de leite  Embalagem: Saco de 1 kg  VALIDADE 01\/2023  Imagens Ilustrativas.\" \/>\n<meta property=\"og:url\" content=\"https:\/\/kmembalagens.com.br\/index.php\/produto\/pre-mistura-para-preparo-de-cupcake-chocolate-1-kg-arcolor\/\" \/>\n<meta property=\"og:site_name\" content=\"KM Embalagens\" \/>\n<meta property=\"article:modified_time\" content=\"2023-11-17T22:55:01+00:00\" \/>\n<meta property=\"og:image\" content=\"https:\/\/kmembalagens.com.br\/wp-content\/uploads\/2022\/07\/CAPA-chocolate.jpg\" \/>\n\t<meta property=\"og:image:width\" content=\"905\" \/>\n\t<meta property=\"og:image:height\" content=\"1280\" \/>\n\t<meta property=\"og:image:type\" content=\"image\/jpeg\" \/>\n<meta name=\"twitter:card\" content=\"summary_large_image\" \/>\n<script type=\"application\/ld+json\" class=\"yoast-schema-graph\">{\"@context\":\"https:\/\/schema.org\",\"@graph\":[{\"@type\":\"WebPage\",\"@id\":\"https:\/\/kmembalagens.com.br\/index.php\/produto\/pre-mistura-para-preparo-de-cupcake-chocolate-1-kg-arcolor\/\",\"url\":\"https:\/\/kmembalagens.com.br\/index.php\/produto\/pre-mistura-para-preparo-de-cupcake-chocolate-1-kg-arcolor\/\",\"name\":\"Pr\u00e9-mistura para preparo de cupcake chocolate 1 kg - Arcolor - KM Embalagens\",\"isPartOf\":{\"@id\":\"https:\/\/kmembalagens.com.br\/#website\"},\"primaryImageOfPage\":{\"@id\":\"https:\/\/kmembalagens.com.br\/index.php\/produto\/pre-mistura-para-preparo-de-cupcake-chocolate-1-kg-arcolor\/#primaryimage\"},\"image\":{\"@id\":\"https:\/\/kmembalagens.com.br\/index.php\/produto\/pre-mistura-para-preparo-de-cupcake-chocolate-1-kg-arcolor\/#primaryimage\"},\"thumbnailUrl\":\"https:\/\/kmembalagens.com.br\/wp-content\/uploads\/2022\/07\/CAPA-chocolate.jpg\",\"datePublished\":\"2022-07-29T00:33:47+00:00\",\"dateModified\":\"2023-11-17T22:55:01+00:00\",\"breadcrumb\":{\"@id\":\"https:\/\/kmembalagens.com.br\/index.php\/produto\/pre-mistura-para-preparo-de-cupcake-chocolate-1-kg-arcolor\/#breadcrumb\"},\"inLanguage\":\"pt-BR\",\"potentialAction\":[{\"@type\":\"ReadAction\",\"target\":[\"https:\/\/kmembalagens.com.br\/index.php\/produto\/pre-mistura-para-preparo-de-cupcake-chocolate-1-kg-arcolor\/\"]}]},{\"@type\":\"ImageObject\",\"inLanguage\":\"pt-BR\",\"@id\":\"https:\/\/kmembalagens.com.br\/index.php\/produto\/pre-mistura-para-preparo-de-cupcake-chocolate-1-kg-arcolor\/#primaryimage\",\"url\":\"https:\/\/kmembalagens.com.br\/wp-content\/uploads\/2022\/07\/CAPA-chocolate.jpg\",\"contentUrl\":\"https:\/\/kmembalagens.com.br\/wp-content\/uploads\/2022\/07\/CAPA-chocolate.jpg\",\"width\":905,\"height\":1280},{\"@type\":\"BreadcrumbList\",\"@id\":\"https:\/\/kmembalagens.com.br\/index.php\/produto\/pre-mistura-para-preparo-de-cupcake-chocolate-1-kg-arcolor\/#breadcrumb\",\"itemListElement\":[{\"@type\":\"ListItem\",\"position\":1,\"name\":\"In\u00edcio\",\"item\":\"https:\/\/kmembalagens.com.br\/\"},{\"@type\":\"ListItem\",\"position\":2,\"name\":\"Pr\u00e9-mistura para preparo de cupcake chocolate 1 kg &#8211; Arcolor\"}]},{\"@type\":\"WebSite\",\"@id\":\"https:\/\/kmembalagens.com.br\/#website\",\"url\":\"https:\/\/kmembalagens.com.br\/\",\"name\":\"KM Embalagens\",\"description\":\"Tudo que precisa de embalagens\",\"publisher\":{\"@id\":\"https:\/\/kmembalagens.com.br\/#organization\"},\"potentialAction\":[{\"@type\":\"SearchAction\",\"target\":{\"@type\":\"EntryPoint\",\"urlTemplate\":\"https:\/\/kmembalagens.com.br\/?s={search_term_string}\"},\"query-input\":{\"@type\":\"PropertyValueSpecification\",\"valueRequired\":true,\"valueName\":\"search_term_string\"}}],\"inLanguage\":\"pt-BR\"},{\"@type\":\"Organization\",\"@id\":\"https:\/\/kmembalagens.com.br\/#organization\",\"name\":\"KM Embalagens\",\"url\":\"https:\/\/kmembalagens.com.br\/\",\"logo\":{\"@type\":\"ImageObject\",\"inLanguage\":\"pt-BR\",\"@id\":\"https:\/\/kmembalagens.com.br\/#\/schema\/logo\/image\/\",\"url\":\"https:\/\/kmembalagens.com.br\/wp-content\/uploads\/2020\/11\/cropped-cropped-KM-semfundo-2.png\",\"contentUrl\":\"https:\/\/kmembalagens.com.br\/wp-content\/uploads\/2020\/11\/cropped-cropped-KM-semfundo-2.png\",\"width\":1867,\"height\":1202,\"caption\":\"KM Embalagens\"},\"image\":{\"@id\":\"https:\/\/kmembalagens.com.br\/#\/schema\/logo\/image\/\"}}]}<\/script>\n<!-- \/ Yoast SEO plugin. -->","yoast_head_json":{"title":"Pr\u00e9-mistura para preparo de cupcake chocolate 1 kg - Arcolor - KM Embalagens","robots":{"index":"index","follow":"follow","max-snippet":"max-snippet:-1","max-image-preview":"max-image-preview:large","max-video-preview":"max-video-preview:-1"},"canonical":"https:\/\/kmembalagens.com.br\/index.php\/produto\/pre-mistura-para-preparo-de-cupcake-chocolate-1-kg-arcolor\/","og_locale":"pt_BR","og_type":"article","og_title":"Pr\u00e9-mistura para preparo de cupcake chocolate 1 kg - Arcolor - KM Embalagens","og_description":"Pr\u00e9-Mistura para preparo de deliciosos e cremosos cupcakes de chocolate - 1 kg  Ingredientes: Farinha de trigo enriquecida com ferro e \u00e1cido f\u00f3lico, a\u00e7\u00facar refinado, soro de leite, cacau em p\u00f3,  amido de milho, fermento qu\u00edmico (bicarbonato de s\u00f3dio, fosfato de s\u00f3dio e alum\u00ednio), sal refinado  e estabilizante monoestearato de sorbitan.  CONT\u00c9M GL\u00daTEN.  Al\u00e9rgicos: Cont\u00e9m derivados de trigo e de leite  Embalagem: Saco de 1 kg  VALIDADE 01\/2023  Imagens Ilustrativas.","og_url":"https:\/\/kmembalagens.com.br\/index.php\/produto\/pre-mistura-para-preparo-de-cupcake-chocolate-1-kg-arcolor\/","og_site_name":"KM Embalagens","article_modified_time":"2023-11-17T22:55:01+00:00","og_image":[{"width":905,"height":1280,"url":"https:\/\/kmembalagens.com.br\/wp-content\/uploads\/2022\/07\/CAPA-chocolate.jpg","type":"image\/jpeg"}],"twitter_card":"summary_large_image","schema":{"@context":"https:\/\/schema.org","@graph":[{"@type":"WebPage","@id":"https:\/\/kmembalagens.com.br\/index.php\/produto\/pre-mistura-para-preparo-de-cupcake-chocolate-1-kg-arcolor\/","url":"https:\/\/kmembalagens.com.br\/index.php\/produto\/pre-mistura-para-preparo-de-cupcake-chocolate-1-kg-arcolor\/","name":"Pr\u00e9-mistura para preparo de cupcake chocolate 1 kg - Arcolor - KM Embalagens","isPartOf":{"@id":"https:\/\/kmembalagens.com.br\/#website"},"primaryImageOfPage":{"@id":"https:\/\/kmembalagens.com.br\/index.php\/produto\/pre-mistura-para-preparo-de-cupcake-chocolate-1-kg-arcolor\/#primaryimage"},"image":{"@id":"https:\/\/kmembalagens.com.br\/index.php\/produto\/pre-mistura-para-preparo-de-cupcake-chocolate-1-kg-arcolor\/#primaryimage"},"thumbnailUrl":"https:\/\/kmembalagens.com.br\/wp-content\/uploads\/2022\/07\/CAPA-chocolate.jpg","datePublished":"2022-07-29T00:33:47+00:00","dateModified":"2023-11-17T22:55:01+00:00","breadcrumb":{"@id":"https:\/\/kmembalagens.com.br\/index.php\/produto\/pre-mistura-para-preparo-de-cupcake-chocolate-1-kg-arcolor\/#breadcrumb"},"inLanguage":"pt-BR","potentialAction":[{"@type":"ReadAction","target":["https:\/\/kmembalagens.com.br\/index.php\/produto\/pre-mistura-para-preparo-de-cupcake-chocolate-1-kg-arcolor\/"]}]},{"@type":"ImageObject","inLanguage":"pt-BR","@id":"https:\/\/kmembalagens.com.br\/index.php\/produto\/pre-mistura-para-preparo-de-cupcake-chocolate-1-kg-arcolor\/#primaryimage","url":"https:\/\/kmembalagens.com.br\/wp-content\/uploads\/2022\/07\/CAPA-chocolate.jpg","contentUrl":"https:\/\/kmembalagens.com.br\/wp-content\/uploads\/2022\/07\/CAPA-chocolate.jpg","width":905,"height":1280},{"@type":"BreadcrumbList","@id":"https:\/\/kmembalagens.com.br\/index.php\/produto\/pre-mistura-para-preparo-de-cupcake-chocolate-1-kg-arcolor\/#breadcrumb","itemListElement":[{"@type":"ListItem","position":1,"name":"In\u00edcio","item":"https:\/\/kmembalagens.com.br\/"},{"@type":"ListItem","position":2,"name":"Pr\u00e9-mistura para preparo de cupcake chocolate 1 kg &#8211; Arcolor"}]},{"@type":"WebSite","@id":"https:\/\/kmembalagens.com.br\/#website","url":"https:\/\/kmembalagens.com.br\/","name":"KM Embalagens","description":"Tudo que precisa de embalagens","publisher":{"@id":"https:\/\/kmembalagens.com.br\/#organization"},"potentialAction":[{"@type":"SearchAction","target":{"@type":"EntryPoint","urlTemplate":"https:\/\/kmembalagens.com.br\/?s={search_term_string}"},"query-input":{"@type":"PropertyValueSpecification","valueRequired":true,"valueName":"search_term_string"}}],"inLanguage":"pt-BR"},{"@type":"Organization","@id":"https:\/\/kmembalagens.com.br\/#organization","name":"KM Embalagens","url":"https:\/\/kmembalagens.com.br\/","logo":{"@type":"ImageObject","inLanguage":"pt-BR","@id":"https:\/\/kmembalagens.com.br\/#\/schema\/logo\/image\/","url":"https:\/\/kmembalagens.com.br\/wp-content\/uploads\/2020\/11\/cropped-cropped-KM-semfundo-2.png","contentUrl":"https:\/\/kmembalagens.com.br\/wp-content\/uploads\/2020\/11\/cropped-cropped-KM-semfundo-2.png","width":1867,"height":1202,"caption":"KM Embalagens"},"image":{"@id":"https:\/\/kmembalagens.com.br\/#\/schema\/logo\/image\/"}}]}},"_links":{"self":[{"href":"https:\/\/kmembalagens.com.br\/index.php\/wp-json\/wp\/v2\/product\/2209","targetHints":{"allow":["GET"]}}],"collection":[{"href":"https:\/\/kmembalagens.com.br\/index.php\/wp-json\/wp\/v2\/product"}],"about":[{"href":"https:\/\/kmembalagens.com.br\/index.php\/wp-json\/wp\/v2\/types\/product"}],"replies":[{"embeddable":true,"href":"https:\/\/kmembalagens.com.br\/index.php\/wp-json\/wp\/v2\/comments?post=2209"}],"wp:featuredmedia":[{"embeddable":true,"href":"https:\/\/kmembalagens.com.br\/index.php\/wp-json\/wp\/v2\/media\/2210"}],"wp:attachment":[{"href":"https:\/\/kmembalagens.com.br\/index.php\/wp-json\/wp\/v2\/media?parent=2209"}],"wp:term":[{"taxonomy":"product_brand","embeddable":true,"href":"https:\/\/kmembalagens.com.br\/index.php\/wp-json\/wp\/v2\/product_brand?post=2209"},{"taxonomy":"product_cat","embeddable":true,"href":"https:\/\/kmembalagens.com.br\/index.php\/wp-json\/wp\/v2\/product_cat?post=2209"},{"taxonomy":"product_tag","embeddable":true,"href":"https:\/\/kmembalagens.com.br\/index.php\/wp-json\/wp\/v2\/product_tag?post=2209"}],"curies":[{"name":"wp","href":"https:\/\/api.w.org\/{rel}","templated":true}]}}