{"id":1506,"date":"2022-01-27T16:53:02","date_gmt":"2022-01-27T19:53:02","guid":{"rendered":"https:\/\/kmembalagens.com.br\/?post_type=product&#038;p=1506"},"modified":"2026-04-02T18:59:21","modified_gmt":"2026-04-02T21:59:21","slug":"pote-retangular-pp3-1000-ml-c-150-unid-starpack","status":"publish","type":"product","link":"https:\/\/kmembalagens.com.br\/index.php\/produto\/pote-retangular-pp3-1000-ml-c-150-unid-starpack\/","title":{"rendered":"Pote retangular PP4 1000 ml c\/150 unid. &#8211; Starpack"},"content":{"rendered":"","protected":false},"excerpt":{"rendered":"<p>Pote retangular PP4 1000 ml c\/150 unidades<\/p>\n<p>FREEZER E MICROONDAS<\/p>\n<p>Suporta as mais variadas temperaturas sem afetar o conte\u00fado armazenado. \u00c9 indispens\u00e1vel na cozinha.<\/p>\n<p>As embalagens da linha Freezer e Microondas suporta das temperaturas mais baixas \u00e0s mais quentes,<br \/>\npermitindo que voc\u00ea possa armazenar e consumir todo tipo de alimento sem medo de perder qualidade.<\/p>\n<p>Dimens\u00f5es Internas<br \/>\nComprimento: 205 mm<br \/>\nLargura: 155 mm<br \/>\nAltura: 40 mm<\/p>\n<p>Capacidade: 1000 ml<\/p>\n<p>Embalagem: 150 unidades c\/ tampa<\/p>\n<p>Imagens ilustrativas<\/p>\n","protected":false},"featured_media":1507,"comment_status":"open","ping_status":"closed","template":"","meta":{"site-sidebar-layout":"default","site-content-layout":"default","ast-site-content-layout":"","site-content-style":"default","site-sidebar-style":"default","ast-global-header-display":"","ast-banner-title-visibility":"","ast-main-header-display":"","ast-hfb-above-header-display":"","ast-hfb-below-header-display":"","ast-hfb-mobile-header-display":"","site-post-title":"","ast-breadcrumbs-content":"","ast-featured-img":"","footer-sml-layout":"","theme-transparent-header-meta":"default","adv-header-id-meta":"","stick-header-meta":"","header-above-stick-meta":"","header-main-stick-meta":"","header-below-stick-meta":"","astra-migrate-meta-layouts":"default","ast-page-background-enabled":"default","ast-page-background-meta":{"desktop":{"background-color":"var(--ast-global-color-4)","background-image":"","background-repeat":"repeat","background-position":"center center","background-size":"auto","background-attachment":"scroll","background-type":"","background-media":"","overlay-type":"","overlay-color":"","overlay-opacity":"","overlay-gradient":""},"tablet":{"background-color":"","background-image":"","background-repeat":"repeat","background-position":"center center","background-size":"auto","background-attachment":"scroll","background-type":"","background-media":"","overlay-type":"","overlay-color":"","overlay-opacity":"","overlay-gradient":""},"mobile":{"background-color":"","background-image":"","background-repeat":"repeat","background-position":"center center","background-size":"auto","background-attachment":"scroll","background-type":"","background-media":"","overlay-type":"","overlay-color":"","overlay-opacity":"","overlay-gradient":""}},"ast-content-background-meta":{"desktop":{"background-color":"var(--ast-global-color-5)","background-image":"","background-repeat":"repeat","background-position":"center center","background-size":"auto","background-attachment":"scroll","background-type":"","background-media":"","overlay-type":"","overlay-color":"","overlay-opacity":"","overlay-gradient":""},"tablet":{"background-color":"var(--ast-global-color-5)","background-image":"","background-repeat":"repeat","background-position":"center center","background-size":"auto","background-attachment":"scroll","background-type":"","background-media":"","overlay-type":"","overlay-color":"","overlay-opacity":"","overlay-gradient":""},"mobile":{"background-color":"var(--ast-global-color-5)","background-image":"","background-repeat":"repeat","background-position":"center center","background-size":"auto","background-attachment":"scroll","background-type":"","background-media":"","overlay-type":"","overlay-color":"","overlay-opacity":"","overlay-gradient":""}}},"product_brand":[],"product_cat":[35],"product_tag":[165,106,85,99,98,83,82,97,87,66],"class_list":{"0":"post-1506","1":"product","2":"type-product","3":"status-publish","4":"has-post-thumbnail","6":"product_cat-potes","7":"product_tag-embalagemalimento","8":"product_tag-pra-viagem","9":"product_tag-kmembalagens","10":"product_tag-marmita","11":"product_tag-marmitexfitiness","12":"product_tag-potefreezermicroondas","13":"product_tag-poteretangular","14":"product_tag-potes","15":"product_tag-praviagem","16":"product_tag-restaurante","17":"desktop-align-left","18":"tablet-align-left","19":"mobile-align-left","21":"first","22":"instock","23":"taxable","24":"shipping-taxable","25":"purchasable","26":"product-type-simple"},"yoast_head":"<!-- This site is optimized with the Yoast SEO plugin v27.2 - https:\/\/yoast.com\/product\/yoast-seo-wordpress\/ -->\n<title>Pote retangular PP4 1000 ml c\/150 unid. - Starpack - KM Embalagens<\/title>\n<meta name=\"robots\" content=\"index, follow, max-snippet:-1, max-image-preview:large, max-video-preview:-1\" \/>\n<link rel=\"canonical\" href=\"https:\/\/kmembalagens.com.br\/index.php\/produto\/pote-retangular-pp3-1000-ml-c-150-unid-starpack\/\" \/>\n<meta property=\"og:locale\" content=\"pt_BR\" \/>\n<meta property=\"og:type\" content=\"article\" \/>\n<meta property=\"og:title\" content=\"Pote retangular PP4 1000 ml c\/150 unid. - Starpack - KM Embalagens\" \/>\n<meta property=\"og:description\" content=\"Pote retangular PP4 1000 ml c\/150 unidades  FREEZER E MICROONDAS  Suporta as mais variadas temperaturas sem afetar o conte\u00fado armazenado. \u00c9 indispens\u00e1vel na cozinha.  As embalagens da linha Freezer e Microondas suporta das temperaturas mais baixas \u00e0s mais quentes,  permitindo que voc\u00ea possa armazenar e consumir todo tipo de alimento sem medo de perder qualidade.    Dimens\u00f5es Internas  Comprimento: 205 mm Largura: 155 mm  Altura: 40 mm  Capacidade: 1000 ml  Embalagem: 150 unidades c\/ tampa  Imagens ilustrativas\" \/>\n<meta property=\"og:url\" content=\"https:\/\/kmembalagens.com.br\/index.php\/produto\/pote-retangular-pp3-1000-ml-c-150-unid-starpack\/\" \/>\n<meta property=\"og:site_name\" content=\"KM Embalagens\" \/>\n<meta property=\"article:modified_time\" content=\"2026-04-02T21:59:21+00:00\" \/>\n<meta property=\"og:image\" content=\"https:\/\/kmembalagens.com.br\/wp-content\/uploads\/2022\/01\/CAPA-logo-14.jpg\" \/>\n\t<meta property=\"og:image:width\" content=\"905\" \/>\n\t<meta property=\"og:image:height\" content=\"1280\" \/>\n\t<meta property=\"og:image:type\" content=\"image\/jpeg\" \/>\n<meta name=\"twitter:card\" content=\"summary_large_image\" \/>\n<script type=\"application\/ld+json\" class=\"yoast-schema-graph\">{\"@context\":\"https:\/\/schema.org\",\"@graph\":[{\"@type\":\"WebPage\",\"@id\":\"https:\/\/kmembalagens.com.br\/index.php\/produto\/pote-retangular-pp3-1000-ml-c-150-unid-starpack\/\",\"url\":\"https:\/\/kmembalagens.com.br\/index.php\/produto\/pote-retangular-pp3-1000-ml-c-150-unid-starpack\/\",\"name\":\"Pote retangular PP4 1000 ml c\/150 unid. - Starpack - KM Embalagens\",\"isPartOf\":{\"@id\":\"https:\/\/kmembalagens.com.br\/#website\"},\"primaryImageOfPage\":{\"@id\":\"https:\/\/kmembalagens.com.br\/index.php\/produto\/pote-retangular-pp3-1000-ml-c-150-unid-starpack\/#primaryimage\"},\"image\":{\"@id\":\"https:\/\/kmembalagens.com.br\/index.php\/produto\/pote-retangular-pp3-1000-ml-c-150-unid-starpack\/#primaryimage\"},\"thumbnailUrl\":\"https:\/\/kmembalagens.com.br\/wp-content\/uploads\/2022\/01\/CAPA-logo-14.jpg\",\"datePublished\":\"2022-01-27T19:53:02+00:00\",\"dateModified\":\"2026-04-02T21:59:21+00:00\",\"breadcrumb\":{\"@id\":\"https:\/\/kmembalagens.com.br\/index.php\/produto\/pote-retangular-pp3-1000-ml-c-150-unid-starpack\/#breadcrumb\"},\"inLanguage\":\"pt-BR\",\"potentialAction\":[{\"@type\":\"ReadAction\",\"target\":[\"https:\/\/kmembalagens.com.br\/index.php\/produto\/pote-retangular-pp3-1000-ml-c-150-unid-starpack\/\"]}]},{\"@type\":\"ImageObject\",\"inLanguage\":\"pt-BR\",\"@id\":\"https:\/\/kmembalagens.com.br\/index.php\/produto\/pote-retangular-pp3-1000-ml-c-150-unid-starpack\/#primaryimage\",\"url\":\"https:\/\/kmembalagens.com.br\/wp-content\/uploads\/2022\/01\/CAPA-logo-14.jpg\",\"contentUrl\":\"https:\/\/kmembalagens.com.br\/wp-content\/uploads\/2022\/01\/CAPA-logo-14.jpg\",\"width\":905,\"height\":1280},{\"@type\":\"BreadcrumbList\",\"@id\":\"https:\/\/kmembalagens.com.br\/index.php\/produto\/pote-retangular-pp3-1000-ml-c-150-unid-starpack\/#breadcrumb\",\"itemListElement\":[{\"@type\":\"ListItem\",\"position\":1,\"name\":\"In\u00edcio\",\"item\":\"https:\/\/kmembalagens.com.br\/\"},{\"@type\":\"ListItem\",\"position\":2,\"name\":\"Pote retangular PP4 1000 ml c\/150 unid. &#8211; Starpack\"}]},{\"@type\":\"WebSite\",\"@id\":\"https:\/\/kmembalagens.com.br\/#website\",\"url\":\"https:\/\/kmembalagens.com.br\/\",\"name\":\"KM Embalagens\",\"description\":\"Tudo que precisa de embalagens\",\"publisher\":{\"@id\":\"https:\/\/kmembalagens.com.br\/#organization\"},\"potentialAction\":[{\"@type\":\"SearchAction\",\"target\":{\"@type\":\"EntryPoint\",\"urlTemplate\":\"https:\/\/kmembalagens.com.br\/?s={search_term_string}\"},\"query-input\":{\"@type\":\"PropertyValueSpecification\",\"valueRequired\":true,\"valueName\":\"search_term_string\"}}],\"inLanguage\":\"pt-BR\"},{\"@type\":\"Organization\",\"@id\":\"https:\/\/kmembalagens.com.br\/#organization\",\"name\":\"KM Embalagens\",\"url\":\"https:\/\/kmembalagens.com.br\/\",\"logo\":{\"@type\":\"ImageObject\",\"inLanguage\":\"pt-BR\",\"@id\":\"https:\/\/kmembalagens.com.br\/#\/schema\/logo\/image\/\",\"url\":\"https:\/\/kmembalagens.com.br\/wp-content\/uploads\/2020\/11\/cropped-cropped-KM-semfundo-2.png\",\"contentUrl\":\"https:\/\/kmembalagens.com.br\/wp-content\/uploads\/2020\/11\/cropped-cropped-KM-semfundo-2.png\",\"width\":1867,\"height\":1202,\"caption\":\"KM Embalagens\"},\"image\":{\"@id\":\"https:\/\/kmembalagens.com.br\/#\/schema\/logo\/image\/\"}}]}<\/script>\n<!-- \/ Yoast SEO plugin. -->","yoast_head_json":{"title":"Pote retangular PP4 1000 ml c\/150 unid. - Starpack - KM Embalagens","robots":{"index":"index","follow":"follow","max-snippet":"max-snippet:-1","max-image-preview":"max-image-preview:large","max-video-preview":"max-video-preview:-1"},"canonical":"https:\/\/kmembalagens.com.br\/index.php\/produto\/pote-retangular-pp3-1000-ml-c-150-unid-starpack\/","og_locale":"pt_BR","og_type":"article","og_title":"Pote retangular PP4 1000 ml c\/150 unid. - Starpack - KM Embalagens","og_description":"Pote retangular PP4 1000 ml c\/150 unidades  FREEZER E MICROONDAS  Suporta as mais variadas temperaturas sem afetar o conte\u00fado armazenado. \u00c9 indispens\u00e1vel na cozinha.  As embalagens da linha Freezer e Microondas suporta das temperaturas mais baixas \u00e0s mais quentes,  permitindo que voc\u00ea possa armazenar e consumir todo tipo de alimento sem medo de perder qualidade.    Dimens\u00f5es Internas  Comprimento: 205 mm Largura: 155 mm  Altura: 40 mm  Capacidade: 1000 ml  Embalagem: 150 unidades c\/ tampa  Imagens ilustrativas","og_url":"https:\/\/kmembalagens.com.br\/index.php\/produto\/pote-retangular-pp3-1000-ml-c-150-unid-starpack\/","og_site_name":"KM Embalagens","article_modified_time":"2026-04-02T21:59:21+00:00","og_image":[{"width":905,"height":1280,"url":"https:\/\/kmembalagens.com.br\/wp-content\/uploads\/2022\/01\/CAPA-logo-14.jpg","type":"image\/jpeg"}],"twitter_card":"summary_large_image","schema":{"@context":"https:\/\/schema.org","@graph":[{"@type":"WebPage","@id":"https:\/\/kmembalagens.com.br\/index.php\/produto\/pote-retangular-pp3-1000-ml-c-150-unid-starpack\/","url":"https:\/\/kmembalagens.com.br\/index.php\/produto\/pote-retangular-pp3-1000-ml-c-150-unid-starpack\/","name":"Pote retangular PP4 1000 ml c\/150 unid. - Starpack - KM Embalagens","isPartOf":{"@id":"https:\/\/kmembalagens.com.br\/#website"},"primaryImageOfPage":{"@id":"https:\/\/kmembalagens.com.br\/index.php\/produto\/pote-retangular-pp3-1000-ml-c-150-unid-starpack\/#primaryimage"},"image":{"@id":"https:\/\/kmembalagens.com.br\/index.php\/produto\/pote-retangular-pp3-1000-ml-c-150-unid-starpack\/#primaryimage"},"thumbnailUrl":"https:\/\/kmembalagens.com.br\/wp-content\/uploads\/2022\/01\/CAPA-logo-14.jpg","datePublished":"2022-01-27T19:53:02+00:00","dateModified":"2026-04-02T21:59:21+00:00","breadcrumb":{"@id":"https:\/\/kmembalagens.com.br\/index.php\/produto\/pote-retangular-pp3-1000-ml-c-150-unid-starpack\/#breadcrumb"},"inLanguage":"pt-BR","potentialAction":[{"@type":"ReadAction","target":["https:\/\/kmembalagens.com.br\/index.php\/produto\/pote-retangular-pp3-1000-ml-c-150-unid-starpack\/"]}]},{"@type":"ImageObject","inLanguage":"pt-BR","@id":"https:\/\/kmembalagens.com.br\/index.php\/produto\/pote-retangular-pp3-1000-ml-c-150-unid-starpack\/#primaryimage","url":"https:\/\/kmembalagens.com.br\/wp-content\/uploads\/2022\/01\/CAPA-logo-14.jpg","contentUrl":"https:\/\/kmembalagens.com.br\/wp-content\/uploads\/2022\/01\/CAPA-logo-14.jpg","width":905,"height":1280},{"@type":"BreadcrumbList","@id":"https:\/\/kmembalagens.com.br\/index.php\/produto\/pote-retangular-pp3-1000-ml-c-150-unid-starpack\/#breadcrumb","itemListElement":[{"@type":"ListItem","position":1,"name":"In\u00edcio","item":"https:\/\/kmembalagens.com.br\/"},{"@type":"ListItem","position":2,"name":"Pote retangular PP4 1000 ml c\/150 unid. &#8211; Starpack"}]},{"@type":"WebSite","@id":"https:\/\/kmembalagens.com.br\/#website","url":"https:\/\/kmembalagens.com.br\/","name":"KM Embalagens","description":"Tudo que precisa de embalagens","publisher":{"@id":"https:\/\/kmembalagens.com.br\/#organization"},"potentialAction":[{"@type":"SearchAction","target":{"@type":"EntryPoint","urlTemplate":"https:\/\/kmembalagens.com.br\/?s={search_term_string}"},"query-input":{"@type":"PropertyValueSpecification","valueRequired":true,"valueName":"search_term_string"}}],"inLanguage":"pt-BR"},{"@type":"Organization","@id":"https:\/\/kmembalagens.com.br\/#organization","name":"KM Embalagens","url":"https:\/\/kmembalagens.com.br\/","logo":{"@type":"ImageObject","inLanguage":"pt-BR","@id":"https:\/\/kmembalagens.com.br\/#\/schema\/logo\/image\/","url":"https:\/\/kmembalagens.com.br\/wp-content\/uploads\/2020\/11\/cropped-cropped-KM-semfundo-2.png","contentUrl":"https:\/\/kmembalagens.com.br\/wp-content\/uploads\/2020\/11\/cropped-cropped-KM-semfundo-2.png","width":1867,"height":1202,"caption":"KM Embalagens"},"image":{"@id":"https:\/\/kmembalagens.com.br\/#\/schema\/logo\/image\/"}}]}},"_links":{"self":[{"href":"https:\/\/kmembalagens.com.br\/index.php\/wp-json\/wp\/v2\/product\/1506","targetHints":{"allow":["GET"]}}],"collection":[{"href":"https:\/\/kmembalagens.com.br\/index.php\/wp-json\/wp\/v2\/product"}],"about":[{"href":"https:\/\/kmembalagens.com.br\/index.php\/wp-json\/wp\/v2\/types\/product"}],"replies":[{"embeddable":true,"href":"https:\/\/kmembalagens.com.br\/index.php\/wp-json\/wp\/v2\/comments?post=1506"}],"wp:featuredmedia":[{"embeddable":true,"href":"https:\/\/kmembalagens.com.br\/index.php\/wp-json\/wp\/v2\/media\/1507"}],"wp:attachment":[{"href":"https:\/\/kmembalagens.com.br\/index.php\/wp-json\/wp\/v2\/media?parent=1506"}],"wp:term":[{"taxonomy":"product_brand","embeddable":true,"href":"https:\/\/kmembalagens.com.br\/index.php\/wp-json\/wp\/v2\/product_brand?post=1506"},{"taxonomy":"product_cat","embeddable":true,"href":"https:\/\/kmembalagens.com.br\/index.php\/wp-json\/wp\/v2\/product_cat?post=1506"},{"taxonomy":"product_tag","embeddable":true,"href":"https:\/\/kmembalagens.com.br\/index.php\/wp-json\/wp\/v2\/product_tag?post=1506"}],"curies":[{"name":"wp","href":"https:\/\/api.w.org\/{rel}","templated":true}]}}