{"id":1492,"date":"2022-01-21T17:03:57","date_gmt":"2022-01-21T20:03:57","guid":{"rendered":"https:\/\/kmembalagens.com.br\/?post_type=product&#038;p=1492"},"modified":"2022-01-21T17:17:00","modified_gmt":"2022-01-21T20:17:00","slug":"solucao-alcoolica-neutra-270-ml-fab","status":"publish","type":"product","link":"https:\/\/kmembalagens.com.br\/index.php\/produto\/solucao-alcoolica-neutra-270-ml-fab\/","title":{"rendered":"Solu\u00e7\u00e3o alco\u00f3lica neutra 270 ml &#8211; Fab"},"content":{"rendered":"","protected":false},"excerpt":{"rendered":"<p>Solu\u00e7\u00e3o Alco\u00f3lica Neutra 270 ml<\/p>\n<p>Considerada a maior evolu\u00e7\u00e3o do \u00e1lcool de cereais do mercado, elaborada especialmente para<br \/>\nconfeitaria a Solu\u00e7\u00e3o Alco\u00f3lica Neutra da Fab! foi desenvolvida para evitar entupimentos de<br \/>\naer\u00f3grafos e bombinhas, e principalmente manter a fidelidade das cores n\u00e3o deixando res\u00edduos<br \/>\nou gosto alco\u00f3lico. Isto \u00e9 poss\u00edvel devido \u00e0 f\u00f3rmula exclusiva desenvolvida que emprega aditivos<br \/>\nespeciais, possibilitando maior fluidez e resultados fabulosos. Possui qualidade e pureza<br \/>\ndiferenciada: com concentra\u00e7\u00e3o alco\u00f3lica de 93,8% INPM, sua evapora\u00e7\u00e3o \u00e9 total e n\u00e3o deixa res\u00edduos.<\/p>\n<p>\u00c9 indicada para fazer licores, dilui\u00e7\u00e3o e aplica\u00e7\u00e3o de p\u00f3s e brilhos para decora\u00e7\u00e3o e etc.<\/p>\n<p>Validade: 12\/2022<\/p>\n<p>Armazenamento: Armazenar em local fresco, livre de umidade e protegido do calor excessivo.<br \/>\nDepois do uso, feche bem a tampa do frasco.<\/p>\n<p>Embalagem: frasco c\/ 270ml<\/p>\n<p>Imagens ilustrativas.<\/p>\n","protected":false},"featured_media":1493,"comment_status":"open","ping_status":"closed","template":"","meta":{"site-sidebar-layout":"default","site-content-layout":"default","ast-site-content-layout":"","site-content-style":"default","site-sidebar-style":"default","ast-global-header-display":"","ast-banner-title-visibility":"","ast-main-header-display":"","ast-hfb-above-header-display":"","ast-hfb-below-header-display":"","ast-hfb-mobile-header-display":"","site-post-title":"","ast-breadcrumbs-content":"","ast-featured-img":"","footer-sml-layout":"","theme-transparent-header-meta":"default","adv-header-id-meta":"","stick-header-meta":"","header-above-stick-meta":"","header-main-stick-meta":"","header-below-stick-meta":"","astra-migrate-meta-layouts":"default","ast-page-background-enabled":"default","ast-page-background-meta":{"desktop":{"background-color":"var(--ast-global-color-4)","background-image":"","background-repeat":"repeat","background-position":"center center","background-size":"auto","background-attachment":"scroll","background-type":"","background-media":"","overlay-type":"","overlay-color":"","overlay-opacity":"","overlay-gradient":""},"tablet":{"background-color":"","background-image":"","background-repeat":"repeat","background-position":"center center","background-size":"auto","background-attachment":"scroll","background-type":"","background-media":"","overlay-type":"","overlay-color":"","overlay-opacity":"","overlay-gradient":""},"mobile":{"background-color":"","background-image":"","background-repeat":"repeat","background-position":"center center","background-size":"auto","background-attachment":"scroll","background-type":"","background-media":"","overlay-type":"","overlay-color":"","overlay-opacity":"","overlay-gradient":""}},"ast-content-background-meta":{"desktop":{"background-color":"var(--ast-global-color-5)","background-image":"","background-repeat":"repeat","background-position":"center center","background-size":"auto","background-attachment":"scroll","background-type":"","background-media":"","overlay-type":"","overlay-color":"","overlay-opacity":"","overlay-gradient":""},"tablet":{"background-color":"var(--ast-global-color-5)","background-image":"","background-repeat":"repeat","background-position":"center center","background-size":"auto","background-attachment":"scroll","background-type":"","background-media":"","overlay-type":"","overlay-color":"","overlay-opacity":"","overlay-gradient":""},"mobile":{"background-color":"var(--ast-global-color-5)","background-image":"","background-repeat":"repeat","background-position":"center center","background-size":"auto","background-attachment":"scroll","background-type":"","background-media":"","overlay-type":"","overlay-color":"","overlay-opacity":"","overlay-gradient":""}}},"product_brand":[],"product_cat":[192],"product_tag":[186,187,188,189,190,191,85],"class_list":{"0":"post-1492","1":"product","2":"type-product","3":"status-publish","4":"has-post-thumbnail","6":"product_cat-solucao-para-diluir","7":"product_tag-aplicacaobrilho","8":"product_tag-aplicacaopo","9":"product_tag-diluicaobrilho","10":"product_tag-diluicaopo","11":"product_tag-licores","12":"product_tag-solucaoalcoolica","13":"product_tag-kmembalagens","14":"desktop-align-left","15":"tablet-align-left","16":"mobile-align-left","18":"first","19":"instock","20":"taxable","21":"shipping-taxable","22":"purchasable","23":"product-type-simple"},"yoast_head":"<!-- This site is optimized with the Yoast SEO plugin v27.2 - https:\/\/yoast.com\/product\/yoast-seo-wordpress\/ -->\n<title>Solu\u00e7\u00e3o alco\u00f3lica neutra 270 ml - Fab - KM Embalagens<\/title>\n<meta name=\"robots\" content=\"index, follow, max-snippet:-1, max-image-preview:large, max-video-preview:-1\" \/>\n<link rel=\"canonical\" href=\"https:\/\/kmembalagens.com.br\/index.php\/produto\/solucao-alcoolica-neutra-270-ml-fab\/\" \/>\n<meta property=\"og:locale\" content=\"pt_BR\" \/>\n<meta property=\"og:type\" content=\"article\" \/>\n<meta property=\"og:title\" content=\"Solu\u00e7\u00e3o alco\u00f3lica neutra 270 ml - Fab - KM Embalagens\" \/>\n<meta property=\"og:description\" content=\"Solu\u00e7\u00e3o Alco\u00f3lica Neutra 270 ml  Considerada a maior evolu\u00e7\u00e3o do \u00e1lcool de cereais do mercado, elaborada especialmente para  confeitaria a Solu\u00e7\u00e3o Alco\u00f3lica Neutra da Fab! foi desenvolvida para evitar entupimentos de  aer\u00f3grafos e bombinhas, e principalmente manter a fidelidade das cores n\u00e3o deixando res\u00edduos  ou gosto alco\u00f3lico. Isto \u00e9 poss\u00edvel devido \u00e0 f\u00f3rmula exclusiva desenvolvida que emprega aditivos  especiais, possibilitando maior fluidez e resultados fabulosos. Possui qualidade e pureza  diferenciada: com concentra\u00e7\u00e3o alco\u00f3lica de 93,8% INPM, sua evapora\u00e7\u00e3o \u00e9 total e n\u00e3o deixa res\u00edduos.  \u00c9 indicada para fazer licores, dilui\u00e7\u00e3o e aplica\u00e7\u00e3o de p\u00f3s e brilhos para decora\u00e7\u00e3o e etc.  Validade: 12\/2022  Armazenamento: Armazenar em local fresco, livre de umidade e protegido do calor excessivo. Depois do uso, feche bem a tampa do frasco.  Embalagem: frasco c\/ 270ml  Imagens ilustrativas.\" \/>\n<meta property=\"og:url\" content=\"https:\/\/kmembalagens.com.br\/index.php\/produto\/solucao-alcoolica-neutra-270-ml-fab\/\" \/>\n<meta property=\"og:site_name\" content=\"KM Embalagens\" \/>\n<meta property=\"article:modified_time\" content=\"2022-01-21T20:17:00+00:00\" \/>\n<meta property=\"og:image\" content=\"https:\/\/kmembalagens.com.br\/wp-content\/uploads\/2022\/01\/CAPA-logo-9.jpg\" \/>\n\t<meta property=\"og:image:width\" content=\"905\" \/>\n\t<meta property=\"og:image:height\" content=\"1280\" \/>\n\t<meta property=\"og:image:type\" content=\"image\/jpeg\" \/>\n<meta name=\"twitter:card\" content=\"summary_large_image\" \/>\n<script type=\"application\/ld+json\" class=\"yoast-schema-graph\">{\"@context\":\"https:\/\/schema.org\",\"@graph\":[{\"@type\":\"WebPage\",\"@id\":\"https:\/\/kmembalagens.com.br\/index.php\/produto\/solucao-alcoolica-neutra-270-ml-fab\/\",\"url\":\"https:\/\/kmembalagens.com.br\/index.php\/produto\/solucao-alcoolica-neutra-270-ml-fab\/\",\"name\":\"Solu\u00e7\u00e3o alco\u00f3lica neutra 270 ml - Fab - KM Embalagens\",\"isPartOf\":{\"@id\":\"https:\/\/kmembalagens.com.br\/#website\"},\"primaryImageOfPage\":{\"@id\":\"https:\/\/kmembalagens.com.br\/index.php\/produto\/solucao-alcoolica-neutra-270-ml-fab\/#primaryimage\"},\"image\":{\"@id\":\"https:\/\/kmembalagens.com.br\/index.php\/produto\/solucao-alcoolica-neutra-270-ml-fab\/#primaryimage\"},\"thumbnailUrl\":\"https:\/\/kmembalagens.com.br\/wp-content\/uploads\/2022\/01\/CAPA-logo-9.jpg\",\"datePublished\":\"2022-01-21T20:03:57+00:00\",\"dateModified\":\"2022-01-21T20:17:00+00:00\",\"breadcrumb\":{\"@id\":\"https:\/\/kmembalagens.com.br\/index.php\/produto\/solucao-alcoolica-neutra-270-ml-fab\/#breadcrumb\"},\"inLanguage\":\"pt-BR\",\"potentialAction\":[{\"@type\":\"ReadAction\",\"target\":[\"https:\/\/kmembalagens.com.br\/index.php\/produto\/solucao-alcoolica-neutra-270-ml-fab\/\"]}]},{\"@type\":\"ImageObject\",\"inLanguage\":\"pt-BR\",\"@id\":\"https:\/\/kmembalagens.com.br\/index.php\/produto\/solucao-alcoolica-neutra-270-ml-fab\/#primaryimage\",\"url\":\"https:\/\/kmembalagens.com.br\/wp-content\/uploads\/2022\/01\/CAPA-logo-9.jpg\",\"contentUrl\":\"https:\/\/kmembalagens.com.br\/wp-content\/uploads\/2022\/01\/CAPA-logo-9.jpg\",\"width\":905,\"height\":1280},{\"@type\":\"BreadcrumbList\",\"@id\":\"https:\/\/kmembalagens.com.br\/index.php\/produto\/solucao-alcoolica-neutra-270-ml-fab\/#breadcrumb\",\"itemListElement\":[{\"@type\":\"ListItem\",\"position\":1,\"name\":\"In\u00edcio\",\"item\":\"https:\/\/kmembalagens.com.br\/\"},{\"@type\":\"ListItem\",\"position\":2,\"name\":\"Solu\u00e7\u00e3o alco\u00f3lica neutra 270 ml &#8211; Fab\"}]},{\"@type\":\"WebSite\",\"@id\":\"https:\/\/kmembalagens.com.br\/#website\",\"url\":\"https:\/\/kmembalagens.com.br\/\",\"name\":\"KM Embalagens\",\"description\":\"Tudo que precisa de embalagens\",\"publisher\":{\"@id\":\"https:\/\/kmembalagens.com.br\/#organization\"},\"potentialAction\":[{\"@type\":\"SearchAction\",\"target\":{\"@type\":\"EntryPoint\",\"urlTemplate\":\"https:\/\/kmembalagens.com.br\/?s={search_term_string}\"},\"query-input\":{\"@type\":\"PropertyValueSpecification\",\"valueRequired\":true,\"valueName\":\"search_term_string\"}}],\"inLanguage\":\"pt-BR\"},{\"@type\":\"Organization\",\"@id\":\"https:\/\/kmembalagens.com.br\/#organization\",\"name\":\"KM Embalagens\",\"url\":\"https:\/\/kmembalagens.com.br\/\",\"logo\":{\"@type\":\"ImageObject\",\"inLanguage\":\"pt-BR\",\"@id\":\"https:\/\/kmembalagens.com.br\/#\/schema\/logo\/image\/\",\"url\":\"https:\/\/kmembalagens.com.br\/wp-content\/uploads\/2020\/11\/cropped-cropped-KM-semfundo-2.png\",\"contentUrl\":\"https:\/\/kmembalagens.com.br\/wp-content\/uploads\/2020\/11\/cropped-cropped-KM-semfundo-2.png\",\"width\":1867,\"height\":1202,\"caption\":\"KM Embalagens\"},\"image\":{\"@id\":\"https:\/\/kmembalagens.com.br\/#\/schema\/logo\/image\/\"}}]}<\/script>\n<!-- \/ Yoast SEO plugin. -->","yoast_head_json":{"title":"Solu\u00e7\u00e3o alco\u00f3lica neutra 270 ml - Fab - KM Embalagens","robots":{"index":"index","follow":"follow","max-snippet":"max-snippet:-1","max-image-preview":"max-image-preview:large","max-video-preview":"max-video-preview:-1"},"canonical":"https:\/\/kmembalagens.com.br\/index.php\/produto\/solucao-alcoolica-neutra-270-ml-fab\/","og_locale":"pt_BR","og_type":"article","og_title":"Solu\u00e7\u00e3o alco\u00f3lica neutra 270 ml - Fab - KM Embalagens","og_description":"Solu\u00e7\u00e3o Alco\u00f3lica Neutra 270 ml  Considerada a maior evolu\u00e7\u00e3o do \u00e1lcool de cereais do mercado, elaborada especialmente para  confeitaria a Solu\u00e7\u00e3o Alco\u00f3lica Neutra da Fab! foi desenvolvida para evitar entupimentos de  aer\u00f3grafos e bombinhas, e principalmente manter a fidelidade das cores n\u00e3o deixando res\u00edduos  ou gosto alco\u00f3lico. Isto \u00e9 poss\u00edvel devido \u00e0 f\u00f3rmula exclusiva desenvolvida que emprega aditivos  especiais, possibilitando maior fluidez e resultados fabulosos. Possui qualidade e pureza  diferenciada: com concentra\u00e7\u00e3o alco\u00f3lica de 93,8% INPM, sua evapora\u00e7\u00e3o \u00e9 total e n\u00e3o deixa res\u00edduos.  \u00c9 indicada para fazer licores, dilui\u00e7\u00e3o e aplica\u00e7\u00e3o de p\u00f3s e brilhos para decora\u00e7\u00e3o e etc.  Validade: 12\/2022  Armazenamento: Armazenar em local fresco, livre de umidade e protegido do calor excessivo. Depois do uso, feche bem a tampa do frasco.  Embalagem: frasco c\/ 270ml  Imagens ilustrativas.","og_url":"https:\/\/kmembalagens.com.br\/index.php\/produto\/solucao-alcoolica-neutra-270-ml-fab\/","og_site_name":"KM Embalagens","article_modified_time":"2022-01-21T20:17:00+00:00","og_image":[{"width":905,"height":1280,"url":"https:\/\/kmembalagens.com.br\/wp-content\/uploads\/2022\/01\/CAPA-logo-9.jpg","type":"image\/jpeg"}],"twitter_card":"summary_large_image","schema":{"@context":"https:\/\/schema.org","@graph":[{"@type":"WebPage","@id":"https:\/\/kmembalagens.com.br\/index.php\/produto\/solucao-alcoolica-neutra-270-ml-fab\/","url":"https:\/\/kmembalagens.com.br\/index.php\/produto\/solucao-alcoolica-neutra-270-ml-fab\/","name":"Solu\u00e7\u00e3o alco\u00f3lica neutra 270 ml - Fab - KM Embalagens","isPartOf":{"@id":"https:\/\/kmembalagens.com.br\/#website"},"primaryImageOfPage":{"@id":"https:\/\/kmembalagens.com.br\/index.php\/produto\/solucao-alcoolica-neutra-270-ml-fab\/#primaryimage"},"image":{"@id":"https:\/\/kmembalagens.com.br\/index.php\/produto\/solucao-alcoolica-neutra-270-ml-fab\/#primaryimage"},"thumbnailUrl":"https:\/\/kmembalagens.com.br\/wp-content\/uploads\/2022\/01\/CAPA-logo-9.jpg","datePublished":"2022-01-21T20:03:57+00:00","dateModified":"2022-01-21T20:17:00+00:00","breadcrumb":{"@id":"https:\/\/kmembalagens.com.br\/index.php\/produto\/solucao-alcoolica-neutra-270-ml-fab\/#breadcrumb"},"inLanguage":"pt-BR","potentialAction":[{"@type":"ReadAction","target":["https:\/\/kmembalagens.com.br\/index.php\/produto\/solucao-alcoolica-neutra-270-ml-fab\/"]}]},{"@type":"ImageObject","inLanguage":"pt-BR","@id":"https:\/\/kmembalagens.com.br\/index.php\/produto\/solucao-alcoolica-neutra-270-ml-fab\/#primaryimage","url":"https:\/\/kmembalagens.com.br\/wp-content\/uploads\/2022\/01\/CAPA-logo-9.jpg","contentUrl":"https:\/\/kmembalagens.com.br\/wp-content\/uploads\/2022\/01\/CAPA-logo-9.jpg","width":905,"height":1280},{"@type":"BreadcrumbList","@id":"https:\/\/kmembalagens.com.br\/index.php\/produto\/solucao-alcoolica-neutra-270-ml-fab\/#breadcrumb","itemListElement":[{"@type":"ListItem","position":1,"name":"In\u00edcio","item":"https:\/\/kmembalagens.com.br\/"},{"@type":"ListItem","position":2,"name":"Solu\u00e7\u00e3o alco\u00f3lica neutra 270 ml &#8211; Fab"}]},{"@type":"WebSite","@id":"https:\/\/kmembalagens.com.br\/#website","url":"https:\/\/kmembalagens.com.br\/","name":"KM Embalagens","description":"Tudo que precisa de embalagens","publisher":{"@id":"https:\/\/kmembalagens.com.br\/#organization"},"potentialAction":[{"@type":"SearchAction","target":{"@type":"EntryPoint","urlTemplate":"https:\/\/kmembalagens.com.br\/?s={search_term_string}"},"query-input":{"@type":"PropertyValueSpecification","valueRequired":true,"valueName":"search_term_string"}}],"inLanguage":"pt-BR"},{"@type":"Organization","@id":"https:\/\/kmembalagens.com.br\/#organization","name":"KM Embalagens","url":"https:\/\/kmembalagens.com.br\/","logo":{"@type":"ImageObject","inLanguage":"pt-BR","@id":"https:\/\/kmembalagens.com.br\/#\/schema\/logo\/image\/","url":"https:\/\/kmembalagens.com.br\/wp-content\/uploads\/2020\/11\/cropped-cropped-KM-semfundo-2.png","contentUrl":"https:\/\/kmembalagens.com.br\/wp-content\/uploads\/2020\/11\/cropped-cropped-KM-semfundo-2.png","width":1867,"height":1202,"caption":"KM Embalagens"},"image":{"@id":"https:\/\/kmembalagens.com.br\/#\/schema\/logo\/image\/"}}]}},"_links":{"self":[{"href":"https:\/\/kmembalagens.com.br\/index.php\/wp-json\/wp\/v2\/product\/1492","targetHints":{"allow":["GET"]}}],"collection":[{"href":"https:\/\/kmembalagens.com.br\/index.php\/wp-json\/wp\/v2\/product"}],"about":[{"href":"https:\/\/kmembalagens.com.br\/index.php\/wp-json\/wp\/v2\/types\/product"}],"replies":[{"embeddable":true,"href":"https:\/\/kmembalagens.com.br\/index.php\/wp-json\/wp\/v2\/comments?post=1492"}],"wp:featuredmedia":[{"embeddable":true,"href":"https:\/\/kmembalagens.com.br\/index.php\/wp-json\/wp\/v2\/media\/1493"}],"wp:attachment":[{"href":"https:\/\/kmembalagens.com.br\/index.php\/wp-json\/wp\/v2\/media?parent=1492"}],"wp:term":[{"taxonomy":"product_brand","embeddable":true,"href":"https:\/\/kmembalagens.com.br\/index.php\/wp-json\/wp\/v2\/product_brand?post=1492"},{"taxonomy":"product_cat","embeddable":true,"href":"https:\/\/kmembalagens.com.br\/index.php\/wp-json\/wp\/v2\/product_cat?post=1492"},{"taxonomy":"product_tag","embeddable":true,"href":"https:\/\/kmembalagens.com.br\/index.php\/wp-json\/wp\/v2\/product_tag?post=1492"}],"curies":[{"name":"wp","href":"https:\/\/api.w.org\/{rel}","templated":true}]}}