{"id":1116,"date":"2021-09-20T16:32:07","date_gmt":"2021-09-20T19:32:07","guid":{"rendered":"https:\/\/kmembalagens.com.br\/?post_type=product&#038;p=1116"},"modified":"2026-04-05T20:00:38","modified_gmt":"2026-04-05T23:00:38","slug":"pote-quadrado-350-ml-c-tampa-12-pacotes-com-20-unidades-atacado","status":"publish","type":"product","link":"https:\/\/kmembalagens.com.br\/index.php\/produto\/pote-quadrado-350-ml-c-tampa-12-pacotes-com-20-unidades-atacado\/","title":{"rendered":"Pote quadrado 350 ml c\/tampa (12 pacotes com 20 unidades) &#8211; atacado"},"content":{"rendered":"","protected":false},"excerpt":{"rendered":"<p>Pote quadrado 350 ml c\/tampa<\/p>\n<p>O produto ideal para salada, salada de fruta, bolo de pote,<br \/>\narmazenamento de sementes, organiza\u00e7\u00e3o de cozinha e<br \/>\numa diversidade de aplica\u00e7\u00f5es.<\/p>\n<p>Utiliza\u00e7\u00e3o: Freezer e micro-ondas<br \/>\nMat\u00e9ria Prima: PP<\/p>\n<p>Dimens\u00f5es da unidade:<br \/>\nInterno &#8211; 55,0 X 55,0 X 91,0 mm<\/p>\n<p>Atacado:<br \/>\nPote + Tampa | 12 pacotes com 20 unidades | Caixa com 240 unidades.<\/p>\n","protected":false},"featured_media":1117,"comment_status":"open","ping_status":"closed","template":"","meta":{"site-sidebar-layout":"default","site-content-layout":"default","ast-site-content-layout":"","site-content-style":"default","site-sidebar-style":"default","ast-global-header-display":"","ast-banner-title-visibility":"","ast-main-header-display":"","ast-hfb-above-header-display":"","ast-hfb-below-header-display":"","ast-hfb-mobile-header-display":"","site-post-title":"","ast-breadcrumbs-content":"","ast-featured-img":"","footer-sml-layout":"","theme-transparent-header-meta":"default","adv-header-id-meta":"","stick-header-meta":"","header-above-stick-meta":"","header-main-stick-meta":"","header-below-stick-meta":"","astra-migrate-meta-layouts":"default","ast-page-background-enabled":"default","ast-page-background-meta":{"desktop":{"background-color":"var(--ast-global-color-4)","background-image":"","background-repeat":"repeat","background-position":"center center","background-size":"auto","background-attachment":"scroll","background-type":"","background-media":"","overlay-type":"","overlay-color":"","overlay-opacity":"","overlay-gradient":""},"tablet":{"background-color":"","background-image":"","background-repeat":"repeat","background-position":"center center","background-size":"auto","background-attachment":"scroll","background-type":"","background-media":"","overlay-type":"","overlay-color":"","overlay-opacity":"","overlay-gradient":""},"mobile":{"background-color":"","background-image":"","background-repeat":"repeat","background-position":"center center","background-size":"auto","background-attachment":"scroll","background-type":"","background-media":"","overlay-type":"","overlay-color":"","overlay-opacity":"","overlay-gradient":""}},"ast-content-background-meta":{"desktop":{"background-color":"var(--ast-global-color-5)","background-image":"","background-repeat":"repeat","background-position":"center center","background-size":"auto","background-attachment":"scroll","background-type":"","background-media":"","overlay-type":"","overlay-color":"","overlay-opacity":"","overlay-gradient":""},"tablet":{"background-color":"var(--ast-global-color-5)","background-image":"","background-repeat":"repeat","background-position":"center center","background-size":"auto","background-attachment":"scroll","background-type":"","background-media":"","overlay-type":"","overlay-color":"","overlay-opacity":"","overlay-gradient":""},"mobile":{"background-color":"var(--ast-global-color-5)","background-image":"","background-repeat":"repeat","background-position":"center center","background-size":"auto","background-attachment":"scroll","background-type":"","background-media":"","overlay-type":"","overlay-color":"","overlay-opacity":"","overlay-gradient":""}}},"product_brand":[],"product_cat":[35],"product_tag":[109,106,121,122,56,86,100,83,84],"class_list":{"0":"post-1116","1":"product","2":"type-product","3":"status-publish","4":"has-post-thumbnail","6":"product_cat-potes","7":"product_tag-ifood","8":"product_tag-pra-viagem","9":"product_tag-salada","10":"product_tag-saladafitness","11":"product_tag-bolo","12":"product_tag-delivery","13":"product_tag-embalagens","14":"product_tag-potefreezermicroondas","15":"product_tag-prafesta","16":"desktop-align-left","17":"tablet-align-left","18":"mobile-align-left","20":"first","21":"instock","22":"taxable","23":"shipping-taxable","24":"purchasable","25":"product-type-simple"},"yoast_head":"<!-- This site is optimized with the Yoast SEO plugin v27.2 - https:\/\/yoast.com\/product\/yoast-seo-wordpress\/ -->\n<title>Pote quadrado 350 ml c\/tampa (12 pacotes com 20 unidades) - atacado - KM Embalagens<\/title>\n<meta name=\"robots\" content=\"index, follow, max-snippet:-1, max-image-preview:large, max-video-preview:-1\" \/>\n<link rel=\"canonical\" href=\"https:\/\/kmembalagens.com.br\/index.php\/produto\/pote-quadrado-350-ml-c-tampa-12-pacotes-com-20-unidades-atacado\/\" \/>\n<meta property=\"og:locale\" content=\"pt_BR\" \/>\n<meta property=\"og:type\" content=\"article\" \/>\n<meta property=\"og:title\" content=\"Pote quadrado 350 ml c\/tampa (12 pacotes com 20 unidades) - atacado - KM Embalagens\" \/>\n<meta property=\"og:description\" content=\"Pote quadrado 350 ml c\/tampa  O produto ideal para salada, salada de fruta, bolo de pote, armazenamento de sementes, organiza\u00e7\u00e3o de cozinha e  uma diversidade de aplica\u00e7\u00f5es.  Utiliza\u00e7\u00e3o: Freezer e micro-ondas Mat\u00e9ria Prima: PP  Dimens\u00f5es da unidade: Interno - 55,0 X 55,0 X 91,0 mm  Atacado: Pote + Tampa | 12 pacotes com 20 unidades | Caixa com 240 unidades.\" \/>\n<meta property=\"og:url\" content=\"https:\/\/kmembalagens.com.br\/index.php\/produto\/pote-quadrado-350-ml-c-tampa-12-pacotes-com-20-unidades-atacado\/\" \/>\n<meta property=\"og:site_name\" content=\"KM Embalagens\" \/>\n<meta property=\"article:modified_time\" content=\"2026-04-05T23:00:38+00:00\" \/>\n<meta property=\"og:image\" content=\"https:\/\/kmembalagens.com.br\/wp-content\/uploads\/2021\/09\/CAPA-logo-2-1.jpg\" \/>\n\t<meta property=\"og:image:width\" content=\"905\" \/>\n\t<meta property=\"og:image:height\" content=\"1280\" \/>\n\t<meta property=\"og:image:type\" content=\"image\/jpeg\" \/>\n<meta name=\"twitter:card\" content=\"summary_large_image\" \/>\n<script type=\"application\/ld+json\" class=\"yoast-schema-graph\">{\"@context\":\"https:\/\/schema.org\",\"@graph\":[{\"@type\":\"WebPage\",\"@id\":\"https:\/\/kmembalagens.com.br\/index.php\/produto\/pote-quadrado-350-ml-c-tampa-12-pacotes-com-20-unidades-atacado\/\",\"url\":\"https:\/\/kmembalagens.com.br\/index.php\/produto\/pote-quadrado-350-ml-c-tampa-12-pacotes-com-20-unidades-atacado\/\",\"name\":\"Pote quadrado 350 ml c\/tampa (12 pacotes com 20 unidades) - atacado - KM Embalagens\",\"isPartOf\":{\"@id\":\"https:\/\/kmembalagens.com.br\/#website\"},\"primaryImageOfPage\":{\"@id\":\"https:\/\/kmembalagens.com.br\/index.php\/produto\/pote-quadrado-350-ml-c-tampa-12-pacotes-com-20-unidades-atacado\/#primaryimage\"},\"image\":{\"@id\":\"https:\/\/kmembalagens.com.br\/index.php\/produto\/pote-quadrado-350-ml-c-tampa-12-pacotes-com-20-unidades-atacado\/#primaryimage\"},\"thumbnailUrl\":\"https:\/\/kmembalagens.com.br\/wp-content\/uploads\/2021\/09\/CAPA-logo-2-1.jpg\",\"datePublished\":\"2021-09-20T19:32:07+00:00\",\"dateModified\":\"2026-04-05T23:00:38+00:00\",\"breadcrumb\":{\"@id\":\"https:\/\/kmembalagens.com.br\/index.php\/produto\/pote-quadrado-350-ml-c-tampa-12-pacotes-com-20-unidades-atacado\/#breadcrumb\"},\"inLanguage\":\"pt-BR\",\"potentialAction\":[{\"@type\":\"ReadAction\",\"target\":[\"https:\/\/kmembalagens.com.br\/index.php\/produto\/pote-quadrado-350-ml-c-tampa-12-pacotes-com-20-unidades-atacado\/\"]}]},{\"@type\":\"ImageObject\",\"inLanguage\":\"pt-BR\",\"@id\":\"https:\/\/kmembalagens.com.br\/index.php\/produto\/pote-quadrado-350-ml-c-tampa-12-pacotes-com-20-unidades-atacado\/#primaryimage\",\"url\":\"https:\/\/kmembalagens.com.br\/wp-content\/uploads\/2021\/09\/CAPA-logo-2-1.jpg\",\"contentUrl\":\"https:\/\/kmembalagens.com.br\/wp-content\/uploads\/2021\/09\/CAPA-logo-2-1.jpg\",\"width\":905,\"height\":1280},{\"@type\":\"BreadcrumbList\",\"@id\":\"https:\/\/kmembalagens.com.br\/index.php\/produto\/pote-quadrado-350-ml-c-tampa-12-pacotes-com-20-unidades-atacado\/#breadcrumb\",\"itemListElement\":[{\"@type\":\"ListItem\",\"position\":1,\"name\":\"In\u00edcio\",\"item\":\"https:\/\/kmembalagens.com.br\/\"},{\"@type\":\"ListItem\",\"position\":2,\"name\":\"Pote quadrado 350 ml c\/tampa (12 pacotes com 20 unidades) &#8211; atacado\"}]},{\"@type\":\"WebSite\",\"@id\":\"https:\/\/kmembalagens.com.br\/#website\",\"url\":\"https:\/\/kmembalagens.com.br\/\",\"name\":\"KM Embalagens\",\"description\":\"Tudo que precisa de embalagens\",\"publisher\":{\"@id\":\"https:\/\/kmembalagens.com.br\/#organization\"},\"potentialAction\":[{\"@type\":\"SearchAction\",\"target\":{\"@type\":\"EntryPoint\",\"urlTemplate\":\"https:\/\/kmembalagens.com.br\/?s={search_term_string}\"},\"query-input\":{\"@type\":\"PropertyValueSpecification\",\"valueRequired\":true,\"valueName\":\"search_term_string\"}}],\"inLanguage\":\"pt-BR\"},{\"@type\":\"Organization\",\"@id\":\"https:\/\/kmembalagens.com.br\/#organization\",\"name\":\"KM Embalagens\",\"url\":\"https:\/\/kmembalagens.com.br\/\",\"logo\":{\"@type\":\"ImageObject\",\"inLanguage\":\"pt-BR\",\"@id\":\"https:\/\/kmembalagens.com.br\/#\/schema\/logo\/image\/\",\"url\":\"https:\/\/kmembalagens.com.br\/wp-content\/uploads\/2020\/11\/cropped-cropped-KM-semfundo-2.png\",\"contentUrl\":\"https:\/\/kmembalagens.com.br\/wp-content\/uploads\/2020\/11\/cropped-cropped-KM-semfundo-2.png\",\"width\":1867,\"height\":1202,\"caption\":\"KM Embalagens\"},\"image\":{\"@id\":\"https:\/\/kmembalagens.com.br\/#\/schema\/logo\/image\/\"}}]}<\/script>\n<!-- \/ Yoast SEO plugin. -->","yoast_head_json":{"title":"Pote quadrado 350 ml c\/tampa (12 pacotes com 20 unidades) - atacado - KM Embalagens","robots":{"index":"index","follow":"follow","max-snippet":"max-snippet:-1","max-image-preview":"max-image-preview:large","max-video-preview":"max-video-preview:-1"},"canonical":"https:\/\/kmembalagens.com.br\/index.php\/produto\/pote-quadrado-350-ml-c-tampa-12-pacotes-com-20-unidades-atacado\/","og_locale":"pt_BR","og_type":"article","og_title":"Pote quadrado 350 ml c\/tampa (12 pacotes com 20 unidades) - atacado - KM Embalagens","og_description":"Pote quadrado 350 ml c\/tampa  O produto ideal para salada, salada de fruta, bolo de pote, armazenamento de sementes, organiza\u00e7\u00e3o de cozinha e  uma diversidade de aplica\u00e7\u00f5es.  Utiliza\u00e7\u00e3o: Freezer e micro-ondas Mat\u00e9ria Prima: PP  Dimens\u00f5es da unidade: Interno - 55,0 X 55,0 X 91,0 mm  Atacado: Pote + Tampa | 12 pacotes com 20 unidades | Caixa com 240 unidades.","og_url":"https:\/\/kmembalagens.com.br\/index.php\/produto\/pote-quadrado-350-ml-c-tampa-12-pacotes-com-20-unidades-atacado\/","og_site_name":"KM Embalagens","article_modified_time":"2026-04-05T23:00:38+00:00","og_image":[{"width":905,"height":1280,"url":"https:\/\/kmembalagens.com.br\/wp-content\/uploads\/2021\/09\/CAPA-logo-2-1.jpg","type":"image\/jpeg"}],"twitter_card":"summary_large_image","schema":{"@context":"https:\/\/schema.org","@graph":[{"@type":"WebPage","@id":"https:\/\/kmembalagens.com.br\/index.php\/produto\/pote-quadrado-350-ml-c-tampa-12-pacotes-com-20-unidades-atacado\/","url":"https:\/\/kmembalagens.com.br\/index.php\/produto\/pote-quadrado-350-ml-c-tampa-12-pacotes-com-20-unidades-atacado\/","name":"Pote quadrado 350 ml c\/tampa (12 pacotes com 20 unidades) - atacado - KM Embalagens","isPartOf":{"@id":"https:\/\/kmembalagens.com.br\/#website"},"primaryImageOfPage":{"@id":"https:\/\/kmembalagens.com.br\/index.php\/produto\/pote-quadrado-350-ml-c-tampa-12-pacotes-com-20-unidades-atacado\/#primaryimage"},"image":{"@id":"https:\/\/kmembalagens.com.br\/index.php\/produto\/pote-quadrado-350-ml-c-tampa-12-pacotes-com-20-unidades-atacado\/#primaryimage"},"thumbnailUrl":"https:\/\/kmembalagens.com.br\/wp-content\/uploads\/2021\/09\/CAPA-logo-2-1.jpg","datePublished":"2021-09-20T19:32:07+00:00","dateModified":"2026-04-05T23:00:38+00:00","breadcrumb":{"@id":"https:\/\/kmembalagens.com.br\/index.php\/produto\/pote-quadrado-350-ml-c-tampa-12-pacotes-com-20-unidades-atacado\/#breadcrumb"},"inLanguage":"pt-BR","potentialAction":[{"@type":"ReadAction","target":["https:\/\/kmembalagens.com.br\/index.php\/produto\/pote-quadrado-350-ml-c-tampa-12-pacotes-com-20-unidades-atacado\/"]}]},{"@type":"ImageObject","inLanguage":"pt-BR","@id":"https:\/\/kmembalagens.com.br\/index.php\/produto\/pote-quadrado-350-ml-c-tampa-12-pacotes-com-20-unidades-atacado\/#primaryimage","url":"https:\/\/kmembalagens.com.br\/wp-content\/uploads\/2021\/09\/CAPA-logo-2-1.jpg","contentUrl":"https:\/\/kmembalagens.com.br\/wp-content\/uploads\/2021\/09\/CAPA-logo-2-1.jpg","width":905,"height":1280},{"@type":"BreadcrumbList","@id":"https:\/\/kmembalagens.com.br\/index.php\/produto\/pote-quadrado-350-ml-c-tampa-12-pacotes-com-20-unidades-atacado\/#breadcrumb","itemListElement":[{"@type":"ListItem","position":1,"name":"In\u00edcio","item":"https:\/\/kmembalagens.com.br\/"},{"@type":"ListItem","position":2,"name":"Pote quadrado 350 ml c\/tampa (12 pacotes com 20 unidades) &#8211; atacado"}]},{"@type":"WebSite","@id":"https:\/\/kmembalagens.com.br\/#website","url":"https:\/\/kmembalagens.com.br\/","name":"KM Embalagens","description":"Tudo que precisa de embalagens","publisher":{"@id":"https:\/\/kmembalagens.com.br\/#organization"},"potentialAction":[{"@type":"SearchAction","target":{"@type":"EntryPoint","urlTemplate":"https:\/\/kmembalagens.com.br\/?s={search_term_string}"},"query-input":{"@type":"PropertyValueSpecification","valueRequired":true,"valueName":"search_term_string"}}],"inLanguage":"pt-BR"},{"@type":"Organization","@id":"https:\/\/kmembalagens.com.br\/#organization","name":"KM Embalagens","url":"https:\/\/kmembalagens.com.br\/","logo":{"@type":"ImageObject","inLanguage":"pt-BR","@id":"https:\/\/kmembalagens.com.br\/#\/schema\/logo\/image\/","url":"https:\/\/kmembalagens.com.br\/wp-content\/uploads\/2020\/11\/cropped-cropped-KM-semfundo-2.png","contentUrl":"https:\/\/kmembalagens.com.br\/wp-content\/uploads\/2020\/11\/cropped-cropped-KM-semfundo-2.png","width":1867,"height":1202,"caption":"KM Embalagens"},"image":{"@id":"https:\/\/kmembalagens.com.br\/#\/schema\/logo\/image\/"}}]}},"_links":{"self":[{"href":"https:\/\/kmembalagens.com.br\/index.php\/wp-json\/wp\/v2\/product\/1116","targetHints":{"allow":["GET"]}}],"collection":[{"href":"https:\/\/kmembalagens.com.br\/index.php\/wp-json\/wp\/v2\/product"}],"about":[{"href":"https:\/\/kmembalagens.com.br\/index.php\/wp-json\/wp\/v2\/types\/product"}],"replies":[{"embeddable":true,"href":"https:\/\/kmembalagens.com.br\/index.php\/wp-json\/wp\/v2\/comments?post=1116"}],"wp:featuredmedia":[{"embeddable":true,"href":"https:\/\/kmembalagens.com.br\/index.php\/wp-json\/wp\/v2\/media\/1117"}],"wp:attachment":[{"href":"https:\/\/kmembalagens.com.br\/index.php\/wp-json\/wp\/v2\/media?parent=1116"}],"wp:term":[{"taxonomy":"product_brand","embeddable":true,"href":"https:\/\/kmembalagens.com.br\/index.php\/wp-json\/wp\/v2\/product_brand?post=1116"},{"taxonomy":"product_cat","embeddable":true,"href":"https:\/\/kmembalagens.com.br\/index.php\/wp-json\/wp\/v2\/product_cat?post=1116"},{"taxonomy":"product_tag","embeddable":true,"href":"https:\/\/kmembalagens.com.br\/index.php\/wp-json\/wp\/v2\/product_tag?post=1116"}],"curies":[{"name":"wp","href":"https:\/\/api.w.org\/{rel}","templated":true}]}}